remainder when 306 is divided by 22.
20
What is the remainder when 511 is divided by 103?
99
What is the remainder when 625 is divided by 41?
10
What is the remainder when 205 is divided by 13?
10
Calculate the remainder when 29 is divided by 23.
6
Calculate the remainder when 712 is divided by 237.
1
Calculate the remainder when 102 is divided by 32.
6
What is the remainder when 190 is divided by 83?
24
Calculate the remainder when 129 is divided by 15.
9
Calculate the remainder when 273 is divided by 96.
81
Calculate the remainder when 1031 is divided by 85.
11
Calculate the remainder when 8326 is divided by 6.
4
What is the remainder when 462 is divided by 9?
3
Calculate the remainder when 113 is divided by 13.
9
What is the remainder when 646 is divided by 24?
22
What is the remainder when 124 is divided by 28?
12
Calculate the remainder when 106 is divided by 18.
16
Calculate the remainder when 2203 is divided by 16.
11
Calculate the remainder when 70 is divided by 57.
13
Calculate the remainder when 96 is divided by 11.
8
Calculate the remainder when 246 is divided by 36.
30
Calculate the remainder when 2619 is divided by 4.
3
What is the remainder when 869 is divided by 259?
92
What is the remainder when 380 is divided by 16?
12
What is the remainder when 289 is divided by 84?
37
What is the remainder when 172 is divided by 38?
20
Calculate the remainder when 348 is divided by 168.
12
What is the remainder when 8543 is divided by 24?
23
Calculate the remainder when 307 is divided by 102.
1
Calculate the remainder when 74 is divided by 20.
14
Calculate the remainder when 328 is divided by 47.
46
What is the remainder when 141 is divided by 8?
5
What is the remainder when 154 is divided by 153?
1
Calculate the remainder when 220 is divided by 98.
24
Calculate the remainder when 550 is divided by 69.
67
Calculate the remainder when 123 is divided by 38.
9
Calculate the remainder when 1746 is divided by 35.
31
Calculate the remainder when 191 is divided by 16.
15
Calculate the remainder when 337 is divided by 68.
65
Calculate the remainder when 101 is divided by 52.
49
What is the remainder when 13128 is divided by 14?
10
Calculate the remainder when 606 is divided by 120.
6
What is the remainder when 606 is divided by 19?
17
What is the remainder when 7293 is divided by 8?
5
Calculate the remainder when 972 is divided by 3.
0
What is the remainder when 1104 is divided by 120?
24
Calculate the remainder when 2138 is divided by 63.
59
What is the remainder when 19720 is divided by 13?
12
What is the remainder when 338 is divided by 69?
62
Calculate the remainder when 87 is divided by 16.
7
What is the remainder when 4757 is divided by 1581?
14
What is the remainder when 1489 is divided by 307?
261
What is the remainder when 271 is divided by 16?
15
Calculate the remainder when 54 is divided by 15.
9
Calculate the remainder when 87 is divided by 25.
12
Calculate the remainder when 101 is divided by 17.
16
What is the remainder when 3896 is divided by 150?
146
What is the remainder when 5502 is divided by 43?
41
Calculate the remainder when 375 is divided by 46.
7
What is the remainder when 421 is divided by 88?
69
What is the remainder when 1132 is divided by 374?
10
Calculate the remainder when 711 is divided by 11.
7
Calculate the remainder when 1261 is divided by 417.
10
Calculate the remainder when 1101 is divided by 41.
35
What is the remainder when 3172 is divided by 25?
22
Calculate the remainder when 75 is divided by 25.
0
Calculate the remainder when 501 is divided by 129.
114
Calculate the remainder when 600 is divided by 300.
0
What is the remainder when 431 is divided by 147?
137
What is the remainder when 647 is divided by 124?
27
Calculate the remainder when 70 is divided by 7.
0
Calculate the remainder when 115 is divided by 38.
1
Calculate the remainder when 185 is divided by 62.
61
Calculate the remainder when 40 is divided by 29.
11
What is the remainder when 5269 is divided by 55?
44
What is the remainder when 1088 is divided by 37?
15
Calculate the remainder when 339 is divided by 68.
67
What is the remainder when 982 is divided by 44?
14
Calculate the remainder when 111 is divided by 8.
7
What is the remainder when 71 is divided by 28?
15
What is the remainder when 255 is divided by 20?
15
What is the remainder when 41103 is divided by 112?
111
Calculate the remainder when 304 is divided by 11.
7
What is the remainder when 87 is divided by 86?
1
Calculate the remainder when 355 is divided by 354.
1
What is the remainder when 49 is divided by 43?
6
What is the remainder when 549 is divided by 24?
21
What is the remainder when 26 is divided by 7?
5
What is the remainder when 103 is divided by 12?
7
What is the remainder when 14849 is divided by 12?
5
What is the remainder when 227 is divided by 10?
7
Calculate the remainder when 1163 is divided by 12.
11
Calculate the remainder when 142 is divided by 9.
7
What is the remainder when 39 is divided by 6?
3
Calculate the remainder when 1518 is divided by 7.
6
Calculate the remainder when 4487 is divided by 33.
32
What is the remainder when 341 is divided by 10?
1
Calculate the remainder when 5329 is divided by 5.
4
What is the remainder when 16566 is divided by 7?
4
What is the remainder when 203 is divided by 21?
14
What is the remainder when 71 is divided by 7?
1
Calculate the remainder when 11510 is divided by 3836.
2
What is the remainder when 2138 is divided by 152?
10
Calculate the remainder when 837 is divided by 812.
25
What is the remainder when 506 is divided by 16?
10
Calculate the remainder when 1085 is divided by 359.
8
Calculate the remainder when 4576 is divided by 21.
19
Calculate the remainder when 74 is divided by 14.
4
Calculate the remainder when 506 is divided by 51.
47
What is the remainder when 1542 is divided by 31?
23
Calculate the remainder when 1053 is divided by 11.
8
Calculate the remainder when 536 is divided by 11.
8
Calculate the remainder when 62 is divided by 8.
6
What is the remainder when 214 is divided by 61?
31
What is the remainder when 172 is divided by 25?
22
Calculate the remainder when 1444 is divided by 331.
120
What is the remainder when 100 is divided by 28?
16
What is the remainder when 3450 is divided by 1146?
12
What is the remainder when 371 is divided by 16?
3
What is the remainder when 8199 is divided by 8?
7
What is the remainder when 399 is divided by 202?
197
Calculate the remainder when 606 is divided by 591.
15
Calculate the remainder when 16219 is divided by 2701.
13
What is the remainder when 13672 is divided by 23?
10
Calculate the remainder when 91 is divided by 9.
1
Calculate the remainder when 10192 is divided by 103.
98
What is the remainder when 59 is divided by 9?
5
What is the remainder when 841 is divided by 94?
89
Calculate the remainder when 962 is divided by 53.
8
What is the remainder when 26 is divided by 21?
5
Calculate the remainder when 220 is divided by 105.
10
What is the remainder when 723 is divided by 81?
75
What is the remainder when 12100 is divided by 136?
132
What is the remainder when 25 is divided by 18?
7
What is the remainder when 148 is divided by 14?
8
Calculate the remainder when 66 is divided by 3.
0
What is the remainder when 557 is divided by 95?
82
Calculate the remainder when 2949 is divided by 18.
15
What is the remainder when 1100 is divided by 46?
42
What is the remainder when 323 is divided by 117?
89
What is the remainder when 682 is divided by 225?
7
Calculate the remainder when 8502 is divided by 2833.
3
What is the remainder when 51 is divided by 27?
24
Calculate the remainder when 73 is divided by 29.
15
What is the remainder when 406 is divided by 128?
22
What is the remainder when 9018 is divided by 93?
90
Calculate the remainder when 114 is divided by 41.
32
Calculate the remainder when 68 is divided by 9.
5
What is the remainder when 6949 is divided by 88?
85
What is the remainder when 959 is divided by 64?
63
What is the remainder when 622 is divided by 2?
0
What is the remainder when 322 is divided by 27?
25
What is the remainder when 324 is divided by 134?
56
Calculate the remainder when 38 is divided by 21.
17
Calculate the remainder when 344 is divided by 111.